hen ((-12)/10)/((-33)/(65340/24)) is divided by (-1)/((-1)/(-1)) + 21?
19
Let o(p) = 3*p + 4. Let q = 0 + 2. Suppose -2*r + 3*b + 33 = 0, -5*r + 0*r - q*b = -35. What is the remainder when o(10) is divided by r?
7
What is the remainder when 135 is divided by (-10)/(-3)*9798/710?
43
Suppose -2*f - 18 = -3*l, -2*f - 5 = 5*l - 3. Let u(y) = y**3 + 6*y**2 - 4*y + 7. What is the remainder when u(f) is divided by 12?
7
Calculate the remainder when (9 - 57/18)*88 + (-7)/21 is divided by 45.
18
Let q be ((-1)/2 + 0)*-8. Suppose -q*f + 272 = 5*i + 59, 5*i = -f + 207. Let p = -9080 + 9094. What is the remainder when i is divided by p?
13
Let o = -56 + 21. Let f(d) = -6*d + 5. Let a be f(-7). Let m = o + a. What is the remainder when m is divided by 7?
5
Calculate the remainder when 209 is divided by ((-51)/85 - 4/10)*-200.
9
Suppose 3*m - u - 136 = 0, -5*u + 11 = m - 61. Calculate the remainder when 5169 is divided by m.
46
Let a = 2 - 2. Suppose a = -4*k + 12, 5*f + 4*k = 1550 - 6398. Calculate the remainder when f/(-28) - -3*(-2)/(-21) is divided by 19.
16
Let d be 1 + -4*(-392)/7. What is the remainder when 43 is divided by (1890/d)/((-2)/(-5))?
1
Let v be 4/4*(17 - 0). Suppose -5*k = v - 47. Suppose 5*n - 2*t + k*t - 13 = 0, 5*n = 5*t + 40. Calculate the remainder when 21 is divided by n.
1
Let i(y) = -66*y + 642. Calculate the remainder when i(8) is divided by 47.
20
Suppose -1370 = -6*h + 124. Let x = -203 + h. Calculate the remainder when 183 is divided by x.
45
Suppose 3*o - 105*m = -106*m + 3656, 1212 = o - m. What is the remainder when o is divided by 21?
20
Suppose -2*d = 3*d - 350. Suppose -5*u - d + 370 = 0. Calculate the remainder when u is divided by (-2 - -3)/(2/32).
12
Let x = -90 - -205. Suppose -5*c = -2*w + 3509, 4*c - w + 1378 = -1428. Let g = 740 + c. Calculate the remainder when x is divided by g.
37
Let z(s) = 32*s**2 - 20*s + 64. Let v be z(3). Let g = -194 + v. Calculate the remainder when g is divided by 32.
2
Let h = -49 + 86. Suppose -4*o + 54 = 2*y, -5*o + 2*o + h = 5*y. What is the remainder when ((-150)/40)/(3/(-32)) is divided by o?
12
Suppose 42*f = 22*f - 5*f + 55275. Calculate the remainder when f is divided by 14.
13
Let w(u) = -2*u + 55. Let v be w(26). Let h = 11 - -16. Calculate the remainder when h is divided by 0 + (v - 7) + 10.
3
Suppose 2*h = x + 2, -2*x - 2 = -h - 1. Suppose 3*n = -4*q + 113, -2*n = 10 - x. Let r = -9077 - -9092. What is the remainder when q is divided by r?
2
Suppose 0 = -5*s + 4*s - l + 186, -5*l = 5. Let j = s + -180. What is the remainder when 39 is divided by j?
4
Let c = 42 + -15. Let z = c - 23. Suppose -z*d = -5*p - 44, 0 = -d + 4*p + 9 + 2. Calculate the remainder when 20 is divided by d.
9
What is the remainder when 910 is divided by (-868)/2170*30/(2 - 4)?
4
Suppose -22*k + 495 = -18*k + 5*m, 0 = -4*m - 4. What is the remainder when 201 is divided by k?
76
Let x(w) = -2*w**2 + 8*w - 4. Let v(s) = -s**3 + 27*s**2 - 67*s - 34. Calculate the remainder when v(24) is divided by x(2).
2
Let u(j) = j**3 - 12*j**2 - 18*j + 70. Suppose 0 = -5*x + 3*x + 36. Calculate the remainder when x is divided by u(13).
3
Suppose -309 = -5*g + t, -3*g + 4*t + 127 = -55. What is the remainder when g is divided by 15698/(-1410) + 11/1 - 137/(-15)?
8
Let b = -247 + 89. Let w = -7 - b. Calculate the remainder when w is divided by (-37)/(-2) - 11/(-22).
18
Let w(m) = -9*m**3 + 1053*m**2 + 4*m - 428. What is the remainder when 3714 is divided by w(117)?
34
Suppose -20 = 4*y, -g + 0*g = -y - 100. Suppose g = 5*p - n, 3*n + 28 = 3*p - 17. What is the remainder when 137 is divided by p?
17
Let k(w) = 18*w + 48. Let z be k(5). Let h = 136 - z. Let y(m) = -16*m + 14. What is the remainder when 137 is divided by y(h)?
45
Let j be -1*(-114)/18*3. Suppose -23 = -j*d - 4*d. Let a(t) = t**3 + 5*t**2 - 6*t + 1. Calculate the remainder when d is divided by a(-6).
0
What is the remainder when 1118 is divided by 4/46 - 21960/(-1380)?
14
Let i = 208 + -208. Suppose -2*s = o - 155 + 59, s + 5*o - 57 = i. Calculate the remainder when s is divided by 27.
20
Let u(i) be the first derivative of -i**4/4 + 7*i**3/3 + 7*i**2 - i + 81. Calculate the remainder when u(7) is divided by 25.
22
Suppose a - 4 + 15 = 18. What is the remainder when 6886 is divided by a?
5
Suppose 1402*s = 1422*s - 2040. What is the remainder when 254 is divided by s?
50
Let l = -85 - -90. Suppose 5*n = 3*c - 90 - 28, 4*c = l*n + 149. What is the remainder when 183 is divided by c?
28
Let a(f) = -2*f**2 - 25*f + 17. Let c be a(-13). Suppose -6*j + c*j = 4*v - 18, 0 = 3*j - 2*v - 11. What is the remainder when 108 is divided by j?
3
Let v be (-24)/(-2) - 12*(-12)/36. What is the remainder when 84 is divided by 466/v + 49/(-392)?
26
Suppose -c + f = -0*c - 6, 0 = -5*c + 2*f + 21. Let x = 421 - 326. Calculate the remainder when x is divided by ((-3)/4)/(c/(-48)).
11
Let r(i) = -11*i + 110. Let t be r(10). Suppose t = 15*w + 284 - 1094. Calculate the remainder when w is divided by 42.
12
Let o = 6722 + -6432. What is the remainder when 589 is divided by o?
9
Suppose 4*m + 2556 = 4*z, 13*z - 5*m = 12*z + 663. Calculate the remainder when z is divided by 132.
105
Let p(v) = 24*v**2 + 68*v + 21. Calculate the remainder when p(4) is divided by 54.
29
Suppose 117*t + 376 = 2014. Calculate the remainder when 1664 is divided by t.
12
Let w(y) = -2*y - 35. Let u be w(-15). Let p(a) = -a**3 - a**2 + 9*a + 3. What is the remainder when p(u) is divided by 20?
18
Suppose 4*n - 2*j = 542, 280*j = -4*n + 279*j + 539. Suppose -8 - 84 = -2*u - 4*l, -3*u = 4*l - 138. What is the remainder when n is divided by u?
43
Let j(y) = 28*y**2 + 99*y - 68. What is the remainder when j(-6) is divided by 99?
49
Suppose 39*n = 41*n - 92. Suppose 26*g - n*g = -400. Let p = -42 - -121. Calculate the remainder when p is divided by g.
19
Let t be (10/15)/(4/18). Let d(m) = 12*m**3 - m**2 + m + 6. Calculate the remainder when d(t) is divided by 5.
4
Suppose 0 = -14*w - 61 + 924 - 51. What is the remainder when 2725 is divided by w?
57
Calculate the remainder when 2/(14*(-8)/(-36904)) is divided by 92.
15
Suppose 0 = 2920*n - 2939*n + 247. What is the remainder when 16727 is divided by n?
9
Suppose 9*l + 364 + 140 = 0. Let n = l - -57. Let y = -5 - -7. What is the remainder when y is divided by n?
0
Let g = 3292 + -3283. What is the remainder when 4263 is divided by g?
6
Let n = -641 + 646. Suppose n*t = t - 16, 4*v = -2*t + 4200. Calculate the remainder when v is divided by 81.
80
Suppose -6*j + 38 = -4*j. Let y(i) = -8*i**2 + 47*i + 14. Calculate the remainder when j is divided by y(6).
3
Suppose 0 = -5*p + 147 + 1273. What is the remainder when p is divided by (-872)/(-12) - (-107)/321?
65
Let v(i) = i**2 + 34*i + 133. Let l be v(-29). Calculate the remainder when 503 is divided by -5 - -47 - (8 + l).
43
Suppose 21 - 12 = -g. Let m(h) = -13*h - 53. What is the remainder when m(g) is divided by 24?
16
Let l(q) = 3*q + 7. Let d(j) = j. Let n(w) = 2*d(w) - l(w). Let i be n(-9). Suppose 7*r = i*r + 65. What is the remainder when 63 is divided by r?
11
Suppose 3*x + 115 = 5*l, -9*x = 5*l - 6*x - 85. What is the remainder when 1557 is divided by l?
17
Suppose 4*l - 113 = j, 0 = 5*l - j - 3*j - 155. Let r(z) = l*z**2 + 1 - 4*z**2 - 2*z**2. Calculate the remainder when r(2) is divided by 29.
27
Let h = -27 + 39. Let d be (-3)/(-9) + (-9)/(81/h). Let g = d - -5. Calculate the remainder when 5 is divided by g.
1
Let s be (16 - 1)*(0 + 0 + 3). Let m = -36 + s. Suppose 0 = m*i - 155 - 187. What is the remainder when i is divided by 14?
10
Suppose -5*l + 2220 = 335. Suppose -10*a + 663 = -l. Calculate the remainder when a is divided by 55.
49
Let p = -1090 - -1092. Let t be -2 - 1*-3 - -1. Suppose -3*d - 11 = -2*n, p*d = n - t*n + 9. Calculate the remainder when 18 is divided by n.
4
Suppose -12*r = -9*r + 246. Let q be (r/(-5))/(((-8)/(-20))/(-2)). Let n = q + 85. What is the remainder when 3 is divided by n?
0
Suppose -130584 = 35*m - 29*m - 30*m. Calculate the remainder when m is divided by 116.
105
What is the remainder when 249 is divided by 2990/(-195)*3/(-1)?
19
Let d(a) = 2*a**2 + a - 9. Let t(o) = 3*o**3 + 29*o**2 - 6*o + 51. Calculate the remainder when d(7) is divided by t(-10).
8
Suppose -i